{"id":2,"date":"2022-01-11T09:40:35","date_gmt":"2022-01-11T09:40:35","guid":{"rendered":"https:\/\/demo.creativethemes.com\/blocksy\/floreo\/?page_id=2"},"modified":"2025-10-18T19:07:45","modified_gmt":"2025-10-18T17:07:45","slug":"home","status":"publish","type":"page","link":"https:\/\/lesgodillots.fr\/","title":{"rendered":""},"content":{"rendered":"\t\t<div data-elementor-type=\"wp-page\" data-elementor-id=\"2\" class=\"elementor elementor-2\">\n\t\t\t\t\t\t<section class=\"elementor-section elementor-top-section elementor-element elementor-element-439dd7f4 elementor-section-boxed elementor-section-height-default elementor-section-height-default\" data-id=\"439dd7f4\" data-element_type=\"section\" data-e-type=\"section\">\n\t\t\t\t\t\t<div class=\"elementor-container elementor-column-gap-default\">\n\t\t\t\t\t<div class=\"elementor-column elementor-col-100 elementor-top-column elementor-element elementor-element-1435f83f\" data-id=\"1435f83f\" data-element_type=\"column\" data-e-type=\"column\">\n\t\t\t<div class=\"elementor-widget-wrap elementor-element-populated\">\n\t\t\t\t\t\t<div class=\"elementor-element elementor-element-611816c4 elementor-widget elementor-widget-text-editor\" data-id=\"611816c4\" data-element_type=\"widget\" data-e-type=\"widget\" data-widget_type=\"text-editor.default\">\n\t\t\t\t<div class=\"elementor-widget-container\">\n\t\t\t\t\t\t\t\t\t<div class=\"wp-block-group alignfull has-background\" style=\"background-color: #f8f4e4;\">\n<p><\/p>\n<div class=\"wp-block-columns alignwide is-layout-flex wp-container-core-columns-is-layout-28f84493 wp-block-columns-is-layout-flex\">\n<p><\/p>\n<div class=\"wp-block-column is-layout-flow wp-block-column-is-layout-flow\">\n<p><\/p>\n<p class=\"has-text-color\" style=\"color: #444444; font-size: 2vw; line-height: 1.1;\"><strong>&nbsp; Association de randonn\u00e9e p\u00e9destre<\/strong><\/p>\n<p><\/p>\n<\/div>\n<p><\/p>\n<\/div>\n<p><\/p>\n<p><\/p>\n<div class=\"wp-block-stackable-columns alignwide stk-block-columns stk-block stk-si120f3\" data-block-id=\"si120f3\">\n<div class=\"stk-row stk-inner-blocks stk-block-content stk-content-align stk-si120f3-column alignwide\">\n<p><\/p>\n<div class=\"wp-block-stackable-column stk-block-column stk-block-column--v2 stk-column stk-block stk-3v3bati\" data-block-id=\"3v3bati\">\n<div class=\"stk-column-wrapper stk-block-column__content stk-container stk-3v3bati-container stk--no-background stk--no-padding\">\n<div class=\"stk-block-content stk-inner-blocks stk-3v3bati-inner-blocks\">\n<p><\/p>\n<p>Association loi 1901, le club propose des randonn\u00e9es de niveau moyen, sans esprit de comp\u00e9tition, dans la convivialit\u00e9 et l\u2019amiti\u00e9. Nos sorties sont toujours encadr\u00e9es par un animateur.<br>Si comme nous, vous avez envie de go\u00fbter au plaisir de marcher tout en d\u00e9couvrant le patrimoine, la flore et la faune de notre r\u00e9gion, n\u2019h\u00e9sitez pas \u00e0 nous rejoindre.<\/p>\n<p><\/p>\n<\/div>\n<\/div>\n<\/div>\n<p><\/p>\n<p><\/p>\n<div class=\"wp-block-stackable-column stk-block-column stk-block-column--v2 stk-column stk-block stk-koj8zjp\" data-block-id=\"koj8zjp\">\n<div class=\"stk-column-wrapper stk-block-column__content stk-container stk-koj8zjp-container stk--no-background stk--no-padding\">\n<div class=\"stk-block-content stk-inner-blocks stk-koj8zjp-inner-blocks\">\n<p><\/p>\n<div class=\"wp-block-stackable-image stk-block-image stk-block stk-wmc1xea\" data-block-id=\"wmc1xea\">\n<style>.stk-wmc1xea .stk-img-wrapper{width:80% !important;height:239px !important}<\/style>\n<figure class=\"stk-img-wrapper stk-image--shape-stretch\"><img fetchpriority=\"high\" decoding=\"async\" class=\"stk-img wp-image-566\" src=\"https:\/\/lesgodillots.fr\/Wordpress\/wp-content\/uploads\/2022\/12\/logo_godillots-fond-f8f4e4.png\" width=\"500\" height=\"402\" srcset=\"https:\/\/lesgodillots.fr\/wp-content\/uploads\/2022\/12\/logo_godillots-fond-f8f4e4.png 500w, https:\/\/lesgodillots.fr\/wp-content\/uploads\/2022\/12\/logo_godillots-fond-f8f4e4-300x241.png 300w\" sizes=\"(max-width: 500px) 100vw, 500px\" \/><\/figure>\n<\/div>\n<p><\/p>\n<\/div>\n<\/div>\n<\/div>\n<p><\/p>\n<\/div>\n<\/div>\n<p><\/p>\n<\/div>\n<p><!-- \/wp:group --><\/p>\t\t\t\t\t\t\t\t<\/div>\n\t\t\t\t<\/div>\n\t\t\t\t\t<\/div>\n\t\t<\/div>\n\t\t\t\t\t<\/div>\n\t\t<\/section>\n\t\t\t\t<\/div>\n\t\t","protected":false},"excerpt":{"rendered":"<p>&nbsp; Association de randonn\u00e9e p\u00e9destre Association loi 1901, le club propose des randonn\u00e9es de niveau moyen, sans esprit de comp\u00e9tition, dans la convivialit\u00e9 et l\u2019amiti\u00e9. Nos sorties sont toujours encadr\u00e9es par un animateur.Si comme nous, vous avez envie de go\u00fbter au plaisir de marcher tout en d\u00e9couvrant le patrimoine, la flore et la faune de &hellip; <\/p>\n<p class=\"link-more\"><a href=\"https:\/\/lesgodillots.fr\/\" class=\"more-link\">Lire la suite de<span class=\"screen-reader-text\">\u00ab\u00a0\u00a0\u00bb<\/span><\/a><\/p>\n","protected":false},"author":1,"featured_media":0,"parent":0,"menu_order":0,"comment_status":"closed","ping_status":"closed","template":"","meta":{"inspiro_hide_title":false,"footnotes":""},"class_list":["post-2","page","type-page","status-publish","hentry"],"_links":{"self":[{"href":"https:\/\/lesgodillots.fr\/index.php?rest_route=\/wp\/v2\/pages\/2","targetHints":{"allow":["GET"]}}],"collection":[{"href":"https:\/\/lesgodillots.fr\/index.php?rest_route=\/wp\/v2\/pages"}],"about":[{"href":"https:\/\/lesgodillots.fr\/index.php?rest_route=\/wp\/v2\/types\/page"}],"author":[{"embeddable":true,"href":"https:\/\/lesgodillots.fr\/index.php?rest_route=\/wp\/v2\/users\/1"}],"replies":[{"embeddable":true,"href":"https:\/\/lesgodillots.fr\/index.php?rest_route=%2Fwp%2Fv2%2Fcomments&post=2"}],"version-history":[{"count":23,"href":"https:\/\/lesgodillots.fr\/index.php?rest_route=\/wp\/v2\/pages\/2\/revisions"}],"predecessor-version":[{"id":1456,"href":"https:\/\/lesgodillots.fr\/index.php?rest_route=\/wp\/v2\/pages\/2\/revisions\/1456"}],"wp:attachment":[{"href":"https:\/\/lesgodillots.fr\/index.php?rest_route=%2Fwp%2Fv2%2Fmedia&parent=2"}],"curies":[{"name":"wp","href":"https:\/\/api.w.org\/{rel}","templated":true}]}}